   

{"id":2914,"date":"2026-01-24T17:40:09","date_gmt":"2026-01-24T16:40:09","guid":{"rendered":"https:\/\/tulpenkeuring-niedorp.nl\/?page_id=2914"},"modified":"2026-01-24T17:40:09","modified_gmt":"2026-01-24T16:40:09","slug":"keuring-3-4","status":"publish","type":"page","link":"https:\/\/tulpenkeuring-niedorp.nl\/?page_id=2914","title":{"rendered":"Keuring 3"},"content":{"rendered":"\n<p><strong>Derde keuring Niedorp 2026!<\/strong><\/p>\n\n\n\n<p>Keuring 3 liet duidelijk zien dat het keuren steeds scherper wordt. Voor het eerst dit seizoen wist een deelnemer onder de 10 strafpunten te blijven, wat aangeeft dat het jurybeeld zeer nauwkeurig werd benaderd. Ook breder in de uitslag was vooruitgang zichtbaar. In groep 1 bleven maar liefst twaalf deelnemers onder de 20 strafpunten, een duidelijk teken dat het inzicht in het gewas en de beoordeling per onderdeel beter begint te landen.<\/p>\n\n\n\n<p>De verschillen in strafpunten werden vooral bepaald door hoe nauwkeurig de afzonderlijke onderdelen werden ingeschat. Kleine afwijkingen in bijvoorbeeld bloem of stand werkten direct door in het eindtotaal. Opvallend was dat bij \u00e9\u00e9n beoordeling slechts \u00e9\u00e9n strafpunt op de poot werd gescoord, wat laat zien dat ook op detailniveau steeds gerichter wordt gekeurd.<\/p>\n\n\n\n<p>Ook in groep 2 was sprake van een stabiel en herkenbaar beeld. De strafpunten lagen dichter bij elkaar en lieten zien dat de deelnemers het juryoordeel steeds beter weten te benaderen, al blijven met name bloem en stand onderdelen waarin kleine verschillen grote gevolgen kunnen hebben.<\/p>\n\n\n\n<p>Het juryrapport gaf een duidelijk en consistent beeld van de potten. Een leuk detail daarbij was de soort <em>Bed of Roses<\/em>, die opviel door een sterke en aangename geur. Een eigenschap die bij tulpen niet vaak voorkomt en door meerdere aanwezigen werd opgemerkt, los van de beoordeling.<\/p>\n\n\n\n<p>Al met al kan keuring 3 worden gezien als een meetmoment waarop zichtbaar werd dat het niveau van keuren stijgt. Met steeds meer lage strafpunten en een scherper beeld van de potten belooft het vervolg van dit seizoen nog interessante verschuivingen in de ranglijsten.<\/p>\n\n\n\n<p>De taarten zijn gewonnen door:<\/p>\n\n\n\n\n<table id=\"tablepress-93\" class=\"tablepress tablepress-id-93\">\n<tbody class=\"row-hover\">\n<tr class=\"row-1 odd\">\n\t<td class=\"column-1\">Groep 1<\/td><td class=\"column-2\">Carl Brouwer<\/td>\n<\/tr>\n<tr class=\"row-2 even\">\n\t<td class=\"column-1\">Groep 2<\/td><td class=\"column-2\">Bryan Rood<\/td>\n<\/tr>\n<tr class=\"row-3 odd\">\n\t<td class=\"column-1\">Jeugd < 18 jaar<\/td><td class=\"column-2\">Sannah Spitters<\/td>\n<\/tr>\n<tr class=\"row-4 even\">\n\t<td class=\"column-1\">Bedrijf<\/td><td class=\"column-2\">WK 2025<\/td>\n<\/tr>\n<\/tbody>\n<\/table>\n<!-- #tablepress-93 from cache -->\n\n\n\n<p>Het worstenpakket is gewonnen door:<\/p>\n\n\n\n\n<table id=\"tablepress-94\" class=\"tablepress tablepress-id-94\">\n<tbody class=\"row-hover\">\n<tr class=\"row-1 odd\">\n\t<td class=\"column-1\">Groep 1<\/td><td class=\"column-2\">Roy Spitters<\/td>\n<\/tr>\n<tr class=\"row-2 even\">\n\t<td class=\"column-1\">Groep 2<\/td><td class=\"column-2\">Sira Appel<\/td>\n<\/tr>\n<tr class=\"row-3 odd\">\n\t<td class=\"column-1\">Jeugd < 18 jaar<\/td><td class=\"column-2\">Jack Duijn<\/td>\n<\/tr>\n<\/tbody>\n<\/table>\n<!-- #tablepress-94 from cache -->\n\n\n\n<p><\/p>\n\n\n\n<p>Felicitaties aan de winnaars, de prijzen zijn vanaf vrijdag 30 januari beschikbaar bij Triflor B.V.<\/p>\n\n\n\n<p>De volledige derde uitslag is:<\/p>\n\n\n\n<figure class=\"wp-block-image size-full\"><img loading=\"lazy\" decoding=\"async\" width=\"544\" height=\"437\" src=\"https:\/\/tulpenkeuring-niedorp.nl\/wp-content\/uploads\/2026\/01\/Schermafbeelding-2026-01-24-172103.png\" alt=\"\" class=\"wp-image-2987\" srcset=\"https:\/\/tulpenkeuring-niedorp.nl\/wp-content\/uploads\/2026\/01\/Schermafbeelding-2026-01-24-172103.png 544w, https:\/\/tulpenkeuring-niedorp.nl\/wp-content\/uploads\/2026\/01\/Schermafbeelding-2026-01-24-172103-300x241.png 300w, https:\/\/tulpenkeuring-niedorp.nl\/wp-content\/uploads\/2026\/01\/Schermafbeelding-2026-01-24-172103-100x80.png 100w, https:\/\/tulpenkeuring-niedorp.nl\/wp-content\/uploads\/2026\/01\/Schermafbeelding-2026-01-24-172103-150x120.png 150w, https:\/\/tulpenkeuring-niedorp.nl\/wp-content\/uploads\/2026\/01\/Schermafbeelding-2026-01-24-172103-200x161.png 200w, https:\/\/tulpenkeuring-niedorp.nl\/wp-content\/uploads\/2026\/01\/Schermafbeelding-2026-01-24-172103-450x361.png 450w\" sizes=\"auto, (max-width: 544px) 100vw, 544px\" \/><\/figure>\n\n\n\n<figure class=\"wp-block-image size-full\"><img loading=\"lazy\" decoding=\"async\" width=\"546\" height=\"491\" src=\"https:\/\/tulpenkeuring-niedorp.nl\/wp-content\/uploads\/2026\/01\/Schermafbeelding-2026-01-24-171552.png\" alt=\"\" class=\"wp-image-2988\" srcset=\"https:\/\/tulpenkeuring-niedorp.nl\/wp-content\/uploads\/2026\/01\/Schermafbeelding-2026-01-24-171552.png 546w, https:\/\/tulpenkeuring-niedorp.nl\/wp-content\/uploads\/2026\/01\/Schermafbeelding-2026-01-24-171552-300x270.png 300w, https:\/\/tulpenkeuring-niedorp.nl\/wp-content\/uploads\/2026\/01\/Schermafbeelding-2026-01-24-171552-100x90.png 100w, https:\/\/tulpenkeuring-niedorp.nl\/wp-content\/uploads\/2026\/01\/Schermafbeelding-2026-01-24-171552-150x135.png 150w, https:\/\/tulpenkeuring-niedorp.nl\/wp-content\/uploads\/2026\/01\/Schermafbeelding-2026-01-24-171552-200x180.png 200w, https:\/\/tulpenkeuring-niedorp.nl\/wp-content\/uploads\/2026\/01\/Schermafbeelding-2026-01-24-171552-450x405.png 450w\" sizes=\"auto, (max-width: 546px) 100vw, 546px\" \/><\/figure>\n\n\n\n<figure class=\"wp-block-image size-full\"><img loading=\"lazy\" decoding=\"async\" width=\"549\" height=\"304\" src=\"https:\/\/tulpenkeuring-niedorp.nl\/wp-content\/uploads\/2026\/01\/Schermafbeelding-2026-01-24-172048.png\" alt=\"\" class=\"wp-image-2989\" srcset=\"https:\/\/tulpenkeuring-niedorp.nl\/wp-content\/uploads\/2026\/01\/Schermafbeelding-2026-01-24-172048.png 549w, https:\/\/tulpenkeuring-niedorp.nl\/wp-content\/uploads\/2026\/01\/Schermafbeelding-2026-01-24-172048-300x166.png 300w, https:\/\/tulpenkeuring-niedorp.nl\/wp-content\/uploads\/2026\/01\/Schermafbeelding-2026-01-24-172048-100x55.png 100w, https:\/\/tulpenkeuring-niedorp.nl\/wp-content\/uploads\/2026\/01\/Schermafbeelding-2026-01-24-172048-150x83.png 150w, https:\/\/tulpenkeuring-niedorp.nl\/wp-content\/uploads\/2026\/01\/Schermafbeelding-2026-01-24-172048-200x111.png 200w, https:\/\/tulpenkeuring-niedorp.nl\/wp-content\/uploads\/2026\/01\/Schermafbeelding-2026-01-24-172048-450x249.png 450w\" sizes=\"auto, (max-width: 549px) 100vw, 549px\" \/><\/figure>\n\n\n\n<p>Jury Rapport:<\/p>\n\n\n\n<figure class=\"wp-block-image size-full\"><img loading=\"lazy\" decoding=\"async\" width=\"647\" height=\"302\" src=\"https:\/\/tulpenkeuring-niedorp.nl\/wp-content\/uploads\/2026\/01\/Schermafbeelding-2026-01-24-172123.png\" alt=\"\" class=\"wp-image-2986\" srcset=\"https:\/\/tulpenkeuring-niedorp.nl\/wp-content\/uploads\/2026\/01\/Schermafbeelding-2026-01-24-172123.png 647w, https:\/\/tulpenkeuring-niedorp.nl\/wp-content\/uploads\/2026\/01\/Schermafbeelding-2026-01-24-172123-300x140.png 300w, https:\/\/tulpenkeuring-niedorp.nl\/wp-content\/uploads\/2026\/01\/Schermafbeelding-2026-01-24-172123-100x47.png 100w, https:\/\/tulpenkeuring-niedorp.nl\/wp-content\/uploads\/2026\/01\/Schermafbeelding-2026-01-24-172123-150x70.png 150w, https:\/\/tulpenkeuring-niedorp.nl\/wp-content\/uploads\/2026\/01\/Schermafbeelding-2026-01-24-172123-200x93.png 200w, https:\/\/tulpenkeuring-niedorp.nl\/wp-content\/uploads\/2026\/01\/Schermafbeelding-2026-01-24-172123-450x210.png 450w, https:\/\/tulpenkeuring-niedorp.nl\/wp-content\/uploads\/2026\/01\/Schermafbeelding-2026-01-24-172123-600x280.png 600w\" sizes=\"auto, (max-width: 647px) 100vw, 647px\" \/><\/figure>\n","protected":false},"excerpt":{"rendered":"<p>Derde keuring Niedorp 2026! Keuring 3 liet duidelijk zien dat het keuren steeds scherper wordt. Voor het eerst dit seizoen wist een deelnemer onder de 10 strafpunten te blijven, wat aangeeft dat het jurybeeld zeer nauwkeurig werd benaderd. Ook breder<span class=\"ellipsis\">&hellip;<\/span><\/p>\n<div class=\"read-more\"><a href=\"https:\/\/tulpenkeuring-niedorp.nl\/?page_id=2914\">Lees meer &#8250;<\/a><\/div>\n<p><!-- end of .read-more --><\/p>\n","protected":false},"author":2,"featured_media":0,"parent":0,"menu_order":0,"comment_status":"closed","ping_status":"closed","template":"","meta":{"footnotes":""},"class_list":["post-2914","page","type-page","status-publish","hentry"],"_links":{"self":[{"href":"https:\/\/tulpenkeuring-niedorp.nl\/index.php?rest_route=\/wp\/v2\/pages\/2914","targetHints":{"allow":["GET"]}}],"collection":[{"href":"https:\/\/tulpenkeuring-niedorp.nl\/index.php?rest_route=\/wp\/v2\/pages"}],"about":[{"href":"https:\/\/tulpenkeuring-niedorp.nl\/index.php?rest_route=\/wp\/v2\/types\/page"}],"author":[{"embeddable":true,"href":"https:\/\/tulpenkeuring-niedorp.nl\/index.php?rest_route=\/wp\/v2\/users\/2"}],"replies":[{"embeddable":true,"href":"https:\/\/tulpenkeuring-niedorp.nl\/index.php?rest_route=%2Fwp%2Fv2%2Fcomments&post=2914"}],"version-history":[{"count":3,"href":"https:\/\/tulpenkeuring-niedorp.nl\/index.php?rest_route=\/wp\/v2\/pages\/2914\/revisions"}],"predecessor-version":[{"id":2995,"href":"https:\/\/tulpenkeuring-niedorp.nl\/index.php?rest_route=\/wp\/v2\/pages\/2914\/revisions\/2995"}],"wp:attachment":[{"href":"https:\/\/tulpenkeuring-niedorp.nl\/index.php?rest_route=%2Fwp%2Fv2%2Fmedia&parent=2914"}],"curies":[{"name":"wp","href":"https:\/\/api.w.org\/{rel}","templated":true}]}}